 prime factors of 38371107?
3, 23, 556103
What are the prime factors of 37644175?
5, 29, 137, 379
List the prime factors of 1766699396.
2, 7, 11, 151, 37987
List the prime factors of 840661596.
2, 3, 31, 67, 11243
What are the prime factors of 34023930?
2, 3, 5, 797, 1423
What are the prime factors of 6732075618?
2, 3, 124668067
List the prime factors of 227967856.
2, 14247991
List the prime factors of 814167945.
3, 5, 18092621
List the prime factors of 115029687.
3, 43, 67, 13309
What are the prime factors of 99533867?
8677, 11471
List the prime factors of 406108140.
2, 3, 5, 6768469
List the prime factors of 20404323.
3, 101, 22447
List the prime factors of 165024362.
2, 82512181
List the prime factors of 32663424.
2, 3, 85061
What are the prime factors of 1617934805?
5, 7753, 41737
List the prime factors of 289080579.
3, 96360193
What are the prime factors of 928891396?
2, 107, 2170307
What are the prime factors of 636463943?
151, 1571, 2683
What are the prime factors of 208388365?
5, 47, 886759
List the prime factors of 550469256.
2, 3, 163, 223, 631
List the prime factors of 2501647363.
97, 25790179
List the prime factors of 204286680.
2, 3, 5, 13, 43651
List the prime factors of 83462820.
2, 3, 5, 7, 19, 10459
List the prime factors of 732083380.
2, 5, 7, 1949, 2683
What are the prime factors of 20502619?
3343, 6133
List the prime factors of 276015338.
2, 37, 83, 44939
What are the prime factors of 1448181429?
3, 1579, 305717
List the prime factors of 224125712.
2, 61, 229637
What are the prime factors of 134307992?
2, 7, 13, 184489
List the prime factors of 272110089.
3, 90703363
What are the prime factors of 2517164545?
5, 7, 197, 52153
What are the prime factors of 60798265?
5, 11, 100493
What are the prime factors of 1478865?
3, 5, 19, 5189
List the prime factors of 7354459.
7, 150091
List the prime factors of 4494858083.
43403, 103561
What are the prime factors of 110641490?
2, 5, 83, 133303
List the prime factors of 683359876.
2, 2531, 67499
List the prime factors of 1057746280.
2, 5, 47, 562631
List the prime factors of 3167977650.
2, 3, 5, 439, 48109
List the prime factors of 458990484.
2, 3, 23, 1663009
List the prime factors of 33045838.
2, 7, 2360417
List the prime factors of 76535971.
19, 41, 5171
What are the prime factors of 8978259853?
73, 122989861
List the prime factors of 269520856.
2, 11, 17, 180161
List the prime factors of 3345708471.
3, 7, 223, 421, 1697
List the prime factors of 4549410521.
19, 239442659
List the prime factors of 2894511869.
593, 4881133
List the prime factors of 571754312.
2, 71469289
What are the prime factors of 45040135?
5, 7, 43, 29927
What are the prime factors of 48065749?
17, 2827397
What are the prime factors of 84661688?
2, 563, 18797
List the prime factors of 53825365.
5, 11, 978643
What are the prime factors of 1647635327?
13, 53, 107, 22349
List the prime factors of 7873385.
5, 13, 89, 1361
List the prime factors of 30670183.
30670183
What are the prime factors of 2622876?
2, 3, 29, 7537
What are the prime factors of 109661663?
31, 569, 6217
List the prime factors of 725423182.
2, 11, 997, 33073
What are the prime factors of 3278457927?
3, 23, 37, 503
What are the prime factors of 83072488?
2, 10384061
What are the prime factors of 123882301?
23, 269, 20023
List the prime factors of 96985149.
3, 101, 320083
List the prime factors of 28319602.
2, 29, 41, 11909
What are the prime factors of 627303698?
2, 7, 29, 37, 41759
List the prime factors of 11264321.
19, 61, 9719
List the prime factors of 391840041.
3, 617, 211691
List the prime factors of 3190425143.
3190425143
What are the prime factors of 114409186?
2, 47, 1217119
What are the prime factors of 2302950089?
11, 10093, 20743
List the prime factors of 154546854.
2, 3, 7, 11, 37, 9041
List the prime factors of 79780987.
11, 13, 67, 757
List the prime factors of 1820691811.
1820691811
List the prime factors of 1412861531.
431, 3278101
List the prime factors of 2514698047.
2514698047
What are the prime factors of 48072192?
2, 3, 7, 17, 263
List the prime factors of 343842459.
3, 17, 47, 67, 2141
List the prime factors of 1007673494.
2, 443, 1137329
What are the prime factors of 117696578?
2, 58848289
List the prime factors of 288274840.
2, 5, 7, 19, 7741
List the prime factors of 28093257.
3, 29, 35879
List the prime factors of 509528901.
3, 7, 347, 1427
List the prime factors of 680834682.
2, 3, 11, 29, 118571
List the prime factors of 8459955.
3, 5, 7, 107, 251
List the prime factors of 86455598.
2, 43227799
What are the prime factors of 81390910?
2, 5, 277, 29383
What are the prime factors of 6140913743?
67, 1153, 79493
List the prime factors of 700996057.
367, 1910071
List the prime factors of 4844777290.
2, 5, 757, 639997
What are the prime factors of 6723835932?
2, 3, 11, 359, 12899
What are the prime factors of 170080116?
2, 3, 14173343
List the prime factors of 236364819.
3, 29, 107, 25391
List the prime factors of 2349401370.
2, 3, 5, 3847, 20357
What are the prime factors of 39995753?
7, 277, 20627
List the prime factors of 4682856136.
2, 7, 83622431
List the prime factors of 3286452738.
2, 3, 229, 857, 2791
What are the prime factors of 841295141?
151, 5571491
What are the prime factors of 830040622?
2, 67, 619, 10007
List the prime factors of 28740479.
29, 479, 2069
List the prime factors of 366167187.
3, 41, 24203
What are the prime factors of 177638716?
2, 439, 101161
List the prime factors of 191037277.
73, 757, 3457
List the prime factors of 157410843.
3, 52470281
List the prime factors of 115362715.
5, 13, 53, 33487
List the prime factors of 148384037.
148384037
What are the prime factors of 78163633?
7691, 10163
What are the prime factors of 2687007142?
2, 1343503571
List the prime factors of 4633014647.
631, 2473, 2969
List the prime factors of 2255196389.
2255196389
List the prime factors of 62388577.
2099, 29723
What are the prime factors of 175707227?
175707227
List the prime factors of 2291699511.
3, 254633279
What are the prime factors of 2114198116?
2, 823, 642223
What are the prime factors of 328115827?
13, 17, 643, 2309
What are the prime factors of 1278929288?
2, 7, 13, 89, 19739
What are the prime factors of 33802924?
2, 2083, 4057
What are the prime factors of 487505220?
2, 3, 5, 8125087
List the prime factors of 116795826.
2, 3, 7, 43, 21557
What are the prime factors of 1912558406?
2, 11, 41, 2120353
List the prime factors of 183924957.
3, 3187, 19237
What are the prime factors of 28700612?
2, 7175153
List the prime factors of 2049106676.
2, 512276669
List the prime factors of 294931321.
294931321
List the prime factors of 25234240.
2, 5, 78857
What are the prime factors of 77159781?
3, 8573309
What are the prime factors of 754257393?
3, 27935459
What are the prime factors of 605139614?
2, 23, 13155209
List the prime factors of 7723739763.
3, 858193307
List the prime factors of 360871029.
3, 47, 853123
List the prime factors of 482861065.
5, 96572213
List the prime factors of 460021396.
2, 43, 2674543
What are the prime factors of 39669149?
13, 73, 41801
What are the prime factors of 145661510?
2, 5, 337, 43223
What are the prime factors of 1437340341?
3, 479113447
What are the prime factors of 78653958?
2, 3, 19, 36313
What are the prime factors of 2614737493?
107, 24436799
What are the prime factors of 939119068?
2, 234779767
List the prime factors of 110825452.
2, 27706363
What are the prime factors of 1249521375?
3, 5, 53, 62869
List the prime factors of 89821757.
257, 373, 937
What are the prime factors of 1394447084?
2, 31, 419, 26839
List the prime factors of 530581722.
2, 3, 11, 71, 113227
What are the prime factors of 93747009?
3, 43, 79, 9199
List the prime factors of 32577629.
7, 751, 6197
What are the prime factors of 1172860818?
2, 3, 195476803
What are the prime factors of 1353792457?
12323, 109859
What are the prime factors of 184175097?
3, 199, 308501
List the prime factors of 701161601.
7, 23, 181, 24061
List the prime factors of 1110536103.
3, 43, 269, 32003
What are the prime factors of 194753157?
3, 41, 1583359
List the prime factors of 1860445530.
2, 3, 5, 6890539
List the prime factors of 4714875412.
2, 13, 8941, 10141
List the prime factors of 641877712.
2, 7, 97, 59083
List t